{"id":235,"date":"2020-03-22T07:02:07","date_gmt":"2020-03-22T07:02:07","guid":{"rendered":"https:\/\/markuslilla.de\/?page_id=235"},"modified":"2025-09-22T17:23:17","modified_gmt":"2025-09-22T17:23:17","slug":"unterricht","status":"publish","type":"page","link":"https:\/\/markuslilla.de\/?page_id=235","title":{"rendered":"10. Klasse"},"content":{"rendered":"\n<p>Hallo ihr Sch\u00fclerinnen und Sch\u00fcler der Klassen 10a und 10b,<\/p>\n\n\n\n<p>diese Homepage ist als &#8222;Plan B&#8220; dazu gedacht, dich optimal bei deiner Pr\u00fcfungsvorbereitung zu unterst\u00fctzen. Hier findest du folgende Materialien:<\/p>\n\n\n\n<div class=\"wp-block-media-text alignwide has-media-on-the-right is-stacked-on-mobile\"><div class=\"wp-block-media-text__content\">\n<p><\/p>\n\n\n\n<ul class=\"wp-block-list\">\n<li><a href=\"https:\/\/markuslilla.de\/?page_id=242\">Mathematik<\/a><\/li>\n\n\n\n<li><a href=\"https:\/\/markuslilla.de\/?page_id=42\">Englisch<\/a><\/li>\n\n\n\n<li><a href=\"https:\/\/markuslilla.de\/?page_id=1955\">NT<\/a><\/li>\n\n\n\n<li><a href=\"https:\/\/markuslilla.de\/?page_id=2124\">Projektpr\u00fcfung (WiB, Technik, Wirtschaft, Soziales)<\/a><\/li>\n\n\n\n<li><a href=\"https:\/\/markuslilla.de\/?page_id=2606\">Online Konzept<\/a><\/li>\n<\/ul>\n<\/div><figure class=\"wp-block-media-text__media\"><img loading=\"lazy\" decoding=\"async\" width=\"398\" height=\"398\" src=\"https:\/\/markuslilla.de\/wp-content\/uploads\/2020\/03\/d8e336e1efe41601b782cec15dc2298dd64a5c072fbb3f317ed9d67d276baba5.0.png\" alt=\"\" class=\"wp-image-190 size-full\" srcset=\"https:\/\/markuslilla.de\/wp-content\/uploads\/2020\/03\/d8e336e1efe41601b782cec15dc2298dd64a5c072fbb3f317ed9d67d276baba5.0.png 398w, https:\/\/markuslilla.de\/wp-content\/uploads\/2020\/03\/d8e336e1efe41601b782cec15dc2298dd64a5c072fbb3f317ed9d67d276baba5.0-300x300.png 300w, https:\/\/markuslilla.de\/wp-content\/uploads\/2020\/03\/d8e336e1efe41601b782cec15dc2298dd64a5c072fbb3f317ed9d67d276baba5.0-150x150.png 150w, https:\/\/markuslilla.de\/wp-content\/uploads\/2020\/03\/d8e336e1efe41601b782cec15dc2298dd64a5c072fbb3f317ed9d67d276baba5.0-70x70.png 70w, https:\/\/markuslilla.de\/wp-content\/uploads\/2020\/03\/d8e336e1efe41601b782cec15dc2298dd64a5c072fbb3f317ed9d67d276baba5.0-50x50.png 50w\" sizes=\"auto, (max-width: 398px) 100vw, 398px\" \/><\/figure><\/div>\n\n\n\n<p>Dies wird nat\u00fcrlich \u00fcber die kommenden Wochen noch weiter erg\u00e4nzt werden. Die Homepage befindet sich noch im Aufbau. F\u00fcr Feedback bin ich sehr dankbar.<\/p>\n\n\n\n<p>Gru\u00df, Herr Lilla.<\/p>\n","protected":false},"excerpt":{"rendered":"<p>Hallo ihr Sch\u00fclerinnen und Sch\u00fcler der Klassen 10a und 10b, diese Homepage ist als &#8222;Plan B&#8220; dazu gedacht, dich optimal bei deiner Pr\u00fcfungsvorbereitung zu unterst\u00fctzen. Hier findest du folgende Materialien:<\/p>\n<p class=\"more-link\"><a href=\"https:\/\/markuslilla.de\/?page_id=235\" class=\"readmore\">Read More<svg class=\"icon icon-angle-right\" aria-hidden=\"true\" role=\"img\"> <use href=\"#icon-angle-right\" xlink:href=\"#icon-angle-right\"><\/use> <\/svg><span class=\"screen-reader-text\">10. Klasse<\/span><\/a><\/p>\n","protected":false},"author":2,"featured_media":93,"parent":0,"menu_order":1,"comment_status":"closed","ping_status":"closed","template":"","meta":{"footnotes":""},"class_list":["post-235","page","type-page","status-publish","has-post-thumbnail","hentry"],"_links":{"self":[{"href":"https:\/\/markuslilla.de\/index.php?rest_route=\/wp\/v2\/pages\/235","targetHints":{"allow":["GET"]}}],"collection":[{"href":"https:\/\/markuslilla.de\/index.php?rest_route=\/wp\/v2\/pages"}],"about":[{"href":"https:\/\/markuslilla.de\/index.php?rest_route=\/wp\/v2\/types\/page"}],"author":[{"embeddable":true,"href":"https:\/\/markuslilla.de\/index.php?rest_route=\/wp\/v2\/users\/2"}],"replies":[{"embeddable":true,"href":"https:\/\/markuslilla.de\/index.php?rest_route=%2Fwp%2Fv2%2Fcomments&post=235"}],"version-history":[{"count":19,"href":"https:\/\/markuslilla.de\/index.php?rest_route=\/wp\/v2\/pages\/235\/revisions"}],"predecessor-version":[{"id":3882,"href":"https:\/\/markuslilla.de\/index.php?rest_route=\/wp\/v2\/pages\/235\/revisions\/3882"}],"wp:featuredmedia":[{"embeddable":true,"href":"https:\/\/markuslilla.de\/index.php?rest_route=\/wp\/v2\/media\/93"}],"wp:attachment":[{"href":"https:\/\/markuslilla.de\/index.php?rest_route=%2Fwp%2Fv2%2Fmedia&parent=235"}],"curies":[{"name":"wp","href":"https:\/\/api.w.org\/{rel}","templated":true}]}}